r of 1406681 and 14970.
499
Calculate the highest common factor of 14892 and 230388.
876
Calculate the greatest common factor of 930 and 765576.
186
Calculate the greatest common factor of 68158 and 81938.
106
What is the highest common factor of 306090512 and 17888?
8944
What is the greatest common divisor of 692 and 111408886?
346
Calculate the greatest common divisor of 67496 and 136609.
11
What is the greatest common factor of 9982 and 3384766?
434
What is the highest common factor of 5374104 and 36?
12
What is the highest common factor of 35016 and 46656?
24
What is the greatest common factor of 3718 and 231088?
286
What is the greatest common factor of 182177754 and 132?
66
Calculate the greatest common factor of 7251862 and 60478.
5498
Calculate the greatest common factor of 34056 and 944667.
387
Calculate the greatest common factor of 1718870 and 410.
10
What is the highest common factor of 3246285 and 7224?
903
What is the highest common divisor of 147705 and 355?
5
What is the highest common factor of 54964924 and 12?
4
What is the highest common divisor of 273 and 32765369?
91
Calculate the greatest common divisor of 1048 and 2465328.
8
What is the highest common divisor of 1872 and 531089?
13
Calculate the highest common divisor of 191295 and 135828279.
2943
Calculate the greatest common factor of 201 and 23697833.
67
What is the greatest common divisor of 385587 and 918?
27
What is the greatest common divisor of 18736 and 1624177?
1171
What is the greatest common factor of 5634 and 973273500?
5634
Calculate the greatest common factor of 2907930 and 3810.
30
Calculate the highest common factor of 36 and 14240835.
9
What is the greatest common factor of 2008660 and 2272640?
1340
Calculate the highest common divisor of 133630 and 287730.
230
What is the greatest common factor of 224 and 82545092?
28
What is the highest common factor of 3031 and 1504242?
433
What is the highest common factor of 13338 and 85082?
38
Calculate the highest common divisor of 36375 and 1438413.
291
Calculate the highest common divisor of 30298947 and 357.
357
Calculate the greatest common factor of 3215399 and 209.
11
Calculate the greatest common divisor of 173312 and 148224.
256
Calculate the highest common factor of 3042 and 1235312.
26
Calculate the highest common factor of 106691 and 3348173.
283
Calculate the highest common divisor of 29954250 and 90.
90
What is the highest common factor of 27081 and 216943?
59
Calculate the greatest common factor of 1113696 and 1388253.
3867
What is the highest common factor of 3893865 and 4945?
215
Calculate the greatest common factor of 1190 and 746305.
35
What is the greatest common divisor of 290 and 7245998?
58
What is the greatest common divisor of 72137427 and 50346?
8391
Calculate the highest common factor of 16 and 109892800.
16
Calculate the greatest common divisor of 1420 and 100821775.
355
What is the highest common factor of 1998 and 197364956?
74
What is the greatest common divisor of 37453122 and 63?
63
What is the greatest common divisor of 1398 and 51226914?
1398
Calculate the highest common divisor of 21 and 46731216.
21
Calculate the highest common factor of 16569 and 20622.
21
What is the highest common factor of 146432 and 36696?
88
Calculate the greatest common divisor of 23406056 and 16690.
3338
What is the highest common factor of 63892 and 58?
2
What is the greatest common divisor of 1260 and 760480?
140
Calculate the highest common divisor of 616 and 169928.
88
Calculate the greatest common factor of 4686 and 59862.
66
Calculate the highest common factor of 606 and 11224029.
303
Calculate the greatest common factor of 66875169 and 333.
111
Calculate the highest common factor of 2005 and 98028460.
2005
Calculate the greatest common divisor of 507990 and 1470.
210
What is the greatest common factor of 102091 and 311832319?
9281
Calculate the highest common factor of 661587864 and 186.
186
Calculate the highest common factor of 10394930 and 598.
26
Calculate the greatest common divisor of 76923140 and 14.
14
Calculate the greatest common divisor of 792565840 and 620.
620
Calculate the greatest common divisor of 379005 and 21.
3
What is the greatest common factor of 3123 and 187714161?
3123
Calculate the highest common factor of 720334099 and 57.
19
Calculate the highest common factor of 27204780 and 1220.
1220
What is the greatest common divisor of 2908393 and 5913?
73
What is the greatest common factor of 9882087 and 31?
31
What is the highest common divisor of 1270 and 190362205?
635
Calculate the highest common factor of 814 and 1803182568.
814
Calculate the highest common divisor of 9548 and 1750364.
308
Calculate the highest common divisor of 1494 and 3477618.
18
Calculate the highest common factor of 1148 and 507892.
28
What is the greatest common divisor of 2925 and 5941975?
325
Calculate the highest common factor of 320421058 and 87.
29
Calculate the greatest common factor of 645 and 99893558.
43
Calculate the greatest common factor of 14936 and 10232.
8
Calculate the greatest common factor of 1009936 and 474079.
1343
What is the greatest common divisor of 3605186 and 52?
26
What is the highest common divisor of 52486 and 43556534?
2282
What is the greatest common factor of 5976 and 787544?
8
Calculate the highest common factor of 40 and 89011420.
20
What is the greatest common divisor of 22040 and 2999530?
190
What is the greatest common divisor of 14468979 and 21?
21
Calculate the highest common divisor of 322 and 2527126.
14
What is the highest common factor of 326794 and 20228?
26
Calculate the greatest common factor of 2 and 239305348.
2
Calculate the greatest common divisor of 23229041 and 33.
11
What is the greatest common factor of 1326065 and 1589185?
1495
What is the greatest common factor of 15506868 and 12?
12
Calculate the highest common factor of 252282500 and 32500.
2500
Calculate the greatest common factor of 3506510 and 60.
10
Calculate the greatest common factor of 1243 and 11774148.
113
Calculate the greatest common factor of 4080 and 1763320.
40
What is the greatest common factor of 273 and 5196912?
21
What is the greatest common factor of 261 and 604168803?
261
Calculate the greatest common factor of 76199810 and 415.
415
What is the greatest common divisor of 2000 and 9888500?
500
Calculate the greatest common divisor of 160341369 and 789.
789
What is the highest common factor of 2557644 and 23580?
1572
What is the highest common divisor of 610116 and 51324?
156
Calculate the highest common factor of 12564790 and 5.
5
What is the highest common factor of 473332569 and 717?
717
What is the greatest common factor of 5704 and 219542?
62
Calculate the highest common factor of 5754 and 1057092.
822
Calculate the highest common divisor of 170297765 and 55.
55
Calculate the greatest common divisor of 222961 and 241782.
59
Calculate the highest common factor of 15283819 and 3273.
1091
What is the highest common factor of 3088 and 221632?
16
Calculate the highest common factor of 2484671968 and 32.
32
Calculate the highest common divisor of 1864 and 129483692.
932
What is the greatest common factor of 51489276 and 4113?
1371
Calculate the greatest common divisor of 251316 and 6433596.
468
What is the greatest common divisor of 200457704 and 38945?
7789
Calculate the highest common factor of 1920 and 50358912.
384
Calculate the greatest common factor of 100296 and 283752.
504
Calculate the greatest common divisor of 129551 and 213227.
367
Calculate the greatest common factor of 5039613 and 495.
9
What is the greatest common divisor of 48290720 and 1440?
160
Calculate the greatest common divisor of 1793255 and 3350.
335
Calculate the highest common divisor of 16248 and 43796.
4
What is the highest common factor of 24633579 and 3649?
41
What is the greatest common divisor of 4011753 and 10095?
2019
Calculate the greatest common divisor of 153561 and 759.
3
What is the highest common divisor of 199191 and 203211?
201
What is the greatest common factor of 864 and 6242464?
32
Calculate the highest common divisor of 20 and 2109455.
5
Calculate the highest common divisor of 16 and 7227864.
8
What is the greatest common factor of 6783 and 2698206?
357
What is the greatest commo